its digit of g(z)?
2
Suppose 0 = 2*q + 2*q - 5*g - 3061, 4*g = 4*q - 3056. Let n = q - 304. What is the tens digit of n?
5
Let l = -191 - -414. Suppose -3*i + 333 = 3*x, -2*x + 0*i = i - l. What is the tens digit of x?
1
Let n(q) = 8*q**2 - 18*q + 63. Let z(k) = 23*k**2 - 54*k + 188. Let c(r) = -11*n(r) + 4*z(r). What is the units digit of c(6)?
5
Let w(q) = -q**3 + 7*q**2 + 3*q + 44. Let z be w(8). Suppose 2*o - 335 - 1137 = 4*f, 2*f + 2962 = z*o. What is the hundreds digit of o?
7
Let r(h) = h**3 - 11*h**2 + 12*h - 17. Let o be r(10). Suppose 12 = o*s - 0*s. Suppose 0*l - 3*l - w + 179 = 0, -s*l + 244 = 4*w. What is the units digit of l?
9
Let z(n) = n + 1. Let g(r) = 2*r**3 - 3*r**2 - 2*r. Let x be g(-1). Let d(i) = -i**2 - 5*i - 54. Let k(m) = x*d(m) - 15*z(m). What is the units digit of k(0)?
7
Let i(n) = 9*n - 47. Let m be i(6). Let s(y) = -y**3 + 13*y + m - 400*y**2 - 1 + 382*y**2. What is the units digit of s(-19)?
0
What is the tens digit of (-7251)/(-3) + (-6 - 5)?
0
Suppose y + 4*q - 23 = 0, 9*y - 4*y = -2*q + 25. What is the tens digit of y - (8859 + 6)/(-9)?
8
What is the ten thousands digit of 227830/(-20)*(-24)/12?
2
Suppose 5*m = -2*p - p + 26, 4*p = -m + 29. Suppose 0 = -p*x - 7*x + 3290. What is the hundreds digit of x?
2
Suppose 3*n - 38 = -11. Suppose w - 11 = q, -w + n = -3*q - 6*w. What is the tens digit of (164/q)/(((-14)/4)/7)?
4
Suppose 5*b - 13*c + 10 = -9*c, 0 = -4*b - c + 13. Suppose 3*j - b*l - 12 = 5*j, -3*j + l - 14 = 0. What is the units digit of (58/j)/(-2 + 8/5)?
9
Let y(g) = -33*g + 3666. What is the tens digit of y(103)?
6
Let u = 223 + -317. Let m = -90 - u. Suppose -m*n + 159 = -3*n. What is the units digit of n?
9
Suppose 0*o - o - 1 = 0, -4*q + 4*o + 204 = 0. Let b = 215 - q. Suppose -3*g + g = -c - 66, -5*g + b = 5*c. What is the tens digit of g?
3
Suppose 4*m = -4*o + 1036, 4*o + 3 - 11 = 0. Let y = m + -444. Let l = 301 + y. What is the units digit of l?
4
Let w = -4377 - -8547. What is the thousands digit of w?
4
Let m(j) = 1299*j + 2247. What is the units digit of m(10)?
7
Suppose -8*l - 11 = 21. Let n(g) = -34*g - 10. What is the units digit of n(l)?
6
Suppose -2*j - 4*m = -157 - 265, j = 5*m + 218. Let r = j - -220. What is the tens digit of r?
3
Let r(n) = -n**3 + 2*n**2 + 12*n + 12. Let s be r(-3). Let g(a) = -a**3 + 24*a**2 - 43*a - 3. What is the tens digit of g(s)?
1
Suppose -t - 3*t = 3*f + 4, -5*t - 36 = -4*f. Suppose 0 = a + o - 3*o - 614, -o - 2449 = -f*a. Suppose -a = -2*q - 4*q. What is the hundreds digit of q?
1
Suppose 5*j - 8 - 2 = 3*s, 0 = -2*j + 10. Let x(q) = -2 - 2 + s + q - 38*q**3 - 65*q**3. What is the units digit of x(-1)?
3
Suppose 0 = -3*g + 3*y + 13 - 214, g + 3*y = -79. Let z(j) = 3*j - 7. Let b be z(-5). Let p = b - g. What is the tens digit of p?
4
Let q(s) = -6*s**2 - 27*s - 37. Let j(a) = a**2 - a + 2. Let y(b) = -5*j(b) - q(b). What is the hundreds digit of y(12)?
5
Suppose -7*z = -4*x - 143501, -278*x = 2*z - 283*x - 41035. What is the thousands digit of z?
0
Suppose -24 = 11*g - 23*g. Suppose -2220 = -3*p + 3*f, 0 = g*p + 5*f - 861 - 647. What is the tens digit of p?
4
Suppose -u + 2*p = -0*p - 3, 16 = 2*u + p. Let f be 1 + 0 - (-168)/u. Suppose 0 = -29*a + f*a + 480. What is the tens digit of a?
2
Let o(k) = -53 + 4*k**3 - 21*k**2 - 23*k**3 + 20*k**3 + 24*k. What is the tens digit of o(20)?
2
Let p = -657 + 5639. What is the thousands digit of p?
4
Let l = -789 + 2815. Suppose -10*m = -l - 4904. What is the hundreds digit of m?
6
Let m(a) = a + 5. Let p be m(-3). Suppose u + 3*c + 10 = 5*u, -4 = -p*u + 2*c. Suppose -4*o = -d - 4*d - 160, 192 = u*o + 3*d. What is the units digit of o?
5
Suppose 0 = -5*b + 2*j + 84, -4*j + 3 - 9 = -b. Let q = b - 15. Suppose -k + 2*y + 75 + 35 = 0, q*k + 2*y = 362. What is the tens digit of k?
1
Let z(n) = 201*n**2 + 18*n - 56. What is the thousands digit of z(6)?
7
Suppose -2*c - 12 = 0, -2*b + 150170 = 37*c - 38*c. What is the ten thousands digit of b?
7
Let l(t) = -6 - 19*t - 5*t + 18*t. Let u = -161 + 135. What is the hundreds digit of l(u)?
1
Suppose 5*b - 1133 = -4*a, -2*b + 699 = 4*a - 443. Let d = a + -107. Suppose -5*n - 2*p + d = -408, 4*n - 2*p = 456. What is the units digit of n?
6
Let w(s) = s**2 + s - 6. Let t be w(-5). Let i(o) = 213*o - 2949. Let f be i(15). Suppose t*l - 12*l - f = 0. What is the units digit of l?
3
Suppose -5*f + 50374 = -3*z, -3503 = -2*f - 5*z + 16628. What is the hundreds digit of f?
0
Let p be 5 + (637/(-28))/(1/(-4)). What is the units digit of -3*p/54*(-6)/8?
4
Let c(x) = 2*x**3 - 2*x**2 - 3*x + 3. Let u be (18/12)/((-3)/(-6)). Let l be c(u). Suppose 34 + l = 2*s. What is the units digit of s?
2
Suppose -83*d + 75*d + 14536 = 0. What is the units digit of d?
7
Let i be (-1)/((-9 - -8)/(-1)). What is the units digit of 4 + i + 8/((-40)/(-1535))?
0
Let p(q) = -205*q**3 - 203*q**3 - 27 + 4*q**2 - 5*q + 405*q**3. What is the tens digit of p(-3)?
0
Let x = 1555 - 205. Let v = -934 + x. What is the tens digit of v?
1
Let j(n) = -n**3 + 16*n**2 + 3*n - 39. Let i be j(16). Suppose -20*r + i*r + 3982 = 0. What is the hundreds digit of r?
3
Let m(c) = c**3 + 4*c**2 - 2. Let r(g) be the first derivative of g**2/2 + 12*g - 17. Let z be r(-9). What is the units digit of m(z)?
1
Let n = -1 - -18. Suppose -x = -n + 14. Suppose x*t = 5*a - 111 - 95, 4*a + 5*t - 187 = 0. What is the units digit of a?
3
Let b be 14/(-21)*-6*1. Suppose 0 = g - 1 - b. Suppose g*u - 3*h = 36, 3*h = -u - u + 6. What is the units digit of u?
6
Let q(j) be the first derivative of -j**2/2 - 2*j - 12. Let h be q(-6). Suppose f - 4*f + 5*d = -67, -f - h*d = -28. What is the tens digit of f?
2
Suppose 2*b - 6343 = -j, 2433 = 2*j + 5*b - 10258. What is the tens digit of j?
3
Let w = 46 + -52. What is the hundreds digit of (1 + (-164)/8)*140/w?
4
What is the hundreds digit of 7468 + (-15)/((-225)/(-120))?
4
Suppose -2*o = q - 6016, 4*q + 4*o + 76 = 24116. What is the units digit of q?
4
Let m = 5710 - 4749. What is the units digit of m?
1
Suppose -5*c + 29*w = 34*w - 30170, 0 = c + 5*w - 6046. What is the thousands digit of c?
6
Let n(i) = 11*i**3 + 4*i**2 - 6*i - 1. Let a be n(2). Suppose c - a = -2*d - 2*d, -5*d = -2*c + 130. What is the units digit of c?
5
Let h(x) = 2*x**2 + 7*x + 7. Let z be h(-3). Suppose -z*u - 30 = 2*b + u, -3*b + 5*u - 20 = 0. What is the units digit of 54/9*b/(-4)?
5
Suppose -f + 2*h - 7 = 0, -2*f + 7*f - 5*h = -15. Let v(x) = -10*x + 18*x**3 + 0 - 19*x**3 - f - 3*x**2 + 15*x**2. What is the tens digit of v(10)?
9
What is the units digit of 2/(-11 + (-54945)/(-4994))?
8
Let a = -34099 - -38734. What is the hundreds digit of a?
6
Let o(b) = -231*b**3 + 8*b**2 - 11*b - 24. What is the units digit of o(-6)?
6
Let j be 7/(-2)*3/(15/(-250)). Suppose -17*d + j = -22*d. Let o = d + 39. What is the units digit of o?
4
What is the tens digit of (-50152)/(-6) - 21/(-9)?
6
Suppose 5*i - 91 = -0*v - 3*v, 73 = 4*v - 3*i. Suppose 0*a - a = -5*x + v, 0 = 4*x - 8. Let n(h) = -h**3 - 11*h**2 + 7*h + 16. What is the units digit of n(a)?
6
Suppose 0 = -4*n - 17*a + 15*a + 90, -4 = -4*a. Let p(i) = -i**2 + 25*i + 18. What is the units digit of p(n)?
4
Let h(b) = b**3 + 16*b**2 + 36*b - 15. Let i be h(-12). Suppose -14*f + 1123 = i. What is the units digit of f?
1
Suppose -8106 = -12*j + 9*j. Let a = -1419 + j. What is the tens digit of a?
8
Let s = 213 - 206. Suppose -37*h + s*h + 3360 = 0. What is the units digit of h?
2
Let c = -397 - -32. Let s = c + 385. What is the tens digit of s?
2
Let h(r) = r**2 + 8*r + 4. Let v = 17 + -25. Let t be h(v). What is the units digit of 2/t*((-210)/(-7) - -2)?
6
Let g(k) = 245*k**3 + 3*k**2 + 5*k - 19. What is the hundreds digit of g(5)?
7
Suppose 5*f - 17*v = -22*v + 243770, -4*f + 7*v + 195005 = 0. What is the thousands digit of f?
8
Let b(a) = -a**3 + 42*a**2 - 115*a + 2. What is the thousands digit of b(36)?
3
Let b(h) = -8*h - 337. Let n be b(-48). Suppose -n*w = -80279 + 19320. What is the hundreds digit of w?
2
Suppose -11*n + 19 = -25. Suppose -n*b + 3*b = -5*x - 486, -4*x = -2*b + 942. What is the units digit of b?
1
Suppose -5*c + 36 = 4*q, -4*q + 0*c + 3*c = -4. Let f(o) = 48 - 33 - 42 - q*o. What is the units digit of f(-12)?
1
Let l(a) = 81*a**2 + 316*a - 5423. What is the uni